{"id":40,"date":"2025-02-16T18:25:40","date_gmt":"2025-02-16T17:25:40","guid":{"rendered":"https:\/\/doradca-sc.pl\/?page_id=40"},"modified":"2025-02-16T18:25:40","modified_gmt":"2025-02-16T17:25:40","slug":"place","status":"publish","type":"page","link":"https:\/\/doradca-sc.pl\/?page_id=40","title":{"rendered":"P\u0142ace"},"content":{"rendered":"\n<div class=\"wp-block-group alignfull has-base-2-background-color has-background has-global-padding is-layout-constrained wp-container-core-group-is-layout-669513ed wp-block-group-is-layout-constrained\" style=\"margin-top:0;margin-bottom:0;padding-top:var(--wp--preset--spacing--50);padding-right:var(--wp--preset--spacing--50);padding-bottom:var(--wp--preset--spacing--50);padding-left:var(--wp--preset--spacing--50)\">\n<div class=\"wp-block-group is-vertical is-content-justification-center is-layout-flex wp-container-core-group-is-layout-52b864f0 wp-block-group-is-layout-flex\">\n<h2 class=\"wp-block-heading has-text-align-center is-style-default\">Obs\u0142uga p\u0142acowa<\/h2>\n<\/div>\n\n\n\n<div class=\"wp-block-columns alignwide is-layout-flex wp-container-core-columns-is-layout-d0bbbce0 wp-block-columns-is-layout-flex\">\n<div class=\"wp-block-column is-layout-flow wp-container-core-column-is-layout-e3d1c41b wp-block-column-is-layout-flow\">\n<h3 class=\"wp-block-heading has-text-align-left is-style-asterisk has-body-font-family has-medium-font-size\" style=\"font-style:normal;font-weight:700\">naliczanie wynagrodze\u0144 pracownik\u00f3w z uwzgl\u0119dnieniem dodatk\u00f3w i potr\u0105ce\u0144 (w tym: dodatk\u00f3w za prac\u0119 w\u00a0godzinach nadliczbowych, urlop\u00f3w, zwolnie\u0144 chorobowych, sk\u0142adek na ubezpieczenie spo\u0142eczne i\u00a0zdrowotne, zaliczek na podatek dochodowy od os\u00f3b fizycznych) stosownie do postanowie\u0144 um\u00f3w, przepis\u00f3w prawa, regulamin\u00f3w pracy i wynagradzania<\/h3>\n<\/div>\n\n\n\n<div class=\"wp-block-column is-layout-flow wp-container-core-column-is-layout-e3d1c41b wp-block-column-is-layout-flow\">\n<h3 class=\"wp-block-heading has-text-align-left is-style-asterisk has-body-font-family has-medium-font-size\" style=\"font-style:normal;font-weight:700\">sporz\u0105dzanie list p\u0142ac, zbior\u00f3wek, raport\u00f3w s\u0142u\u017c\u0105cych do ksi\u0119gowania wynagrodze\u0144 oraz pask\u00f3w wyp\u0142at wynagrodze\u0144 dla pracownik\u00f3w<\/h3>\n<\/div>\n\n\n\n<div class=\"wp-block-column is-layout-flow wp-container-core-column-is-layout-e3d1c41b wp-block-column-is-layout-flow\">\n<h3 class=\"wp-block-heading has-text-align-left is-style-asterisk has-body-font-family has-medium-font-size\" style=\"font-style:normal;font-weight:700\">ustalania wysoko\u015bci nale\u017cnych rozlicze\u0144 z ZUS-em i przekazywanie do ZUS-u deklaracji miesi\u0119cznych, rejestrowych\/aktualizacyjnych<\/h3>\n<\/div>\n<\/div>\n\n\n\n<div style=\"height:var(--wp--preset--spacing--20)\" aria-hidden=\"true\" class=\"wp-block-spacer\"><\/div>\n\n\n\n<div class=\"wp-block-columns alignwide is-layout-flex wp-container-core-columns-is-layout-d0bbbce0 wp-block-columns-is-layout-flex\">\n<div class=\"wp-block-column is-layout-flow wp-container-core-column-is-layout-e3d1c41b wp-block-column-is-layout-flow\">\n<h3 class=\"wp-block-heading has-text-align-left is-style-asterisk has-body-font-family has-medium-font-size\" style=\"font-style:normal;font-weight:700\">wystawianie za\u015bwiadcze\u0144 o zarobkach<\/h3>\n<\/div>\n\n\n\n<div class=\"wp-block-column is-layout-flow wp-container-core-column-is-layout-e3d1c41b wp-block-column-is-layout-flow\">\n<h3 class=\"wp-block-heading has-text-align-left is-style-asterisk has-body-font-family has-medium-font-size\" style=\"font-style:normal;font-weight:700\">sporz\u0105dzanie i wysy\u0142ka rocznych informacji o dochodach (PIT-11, PIT-8B, PIT-40)<\/h3>\n<\/div>\n\n\n\n<div class=\"wp-block-column is-layout-flow wp-container-core-column-is-layout-e3d1c41b wp-block-column-is-layout-flow\">\n<h3 class=\"wp-block-heading has-text-align-left is-style-asterisk has-body-font-family has-medium-font-size\" style=\"font-style:normal;font-weight:700\">sporz\u0105dzanie sprawozdawczo\u015bci statystycznej (GUS)<\/h3>\n<\/div>\n<\/div>\n<\/div>\n\n\n\n<p><\/p>\n","protected":false},"excerpt":{"rendered":"<p>Obs\u0142uga p\u0142acowa naliczanie wynagrodze\u0144 pracownik\u00f3w z uwzgl\u0119dnieniem dodatk\u00f3w i potr\u0105ce\u0144 (w tym: dodatk\u00f3w za prac\u0119 w\u00a0godzinach nadliczbowych, urlop\u00f3w, zwolnie\u0144 chorobowych, sk\u0142adek na ubezpieczenie spo\u0142eczne i\u00a0zdrowotne, zaliczek na podatek dochodowy od os\u00f3b fizycznych) stosownie do postanowie\u0144 um\u00f3w, przepis\u00f3w prawa, regulamin\u00f3w pracy i wynagradzania sporz\u0105dzanie list p\u0142ac, zbior\u00f3wek, raport\u00f3w s\u0142u\u017c\u0105cych do ksi\u0119gowania wynagrodze\u0144 oraz pask\u00f3w wyp\u0142at wynagrodze\u0144 [&hellip;]<\/p>\n","protected":false},"author":1,"featured_media":0,"parent":0,"menu_order":0,"comment_status":"closed","ping_status":"closed","template":"","meta":{"footnotes":""},"class_list":["post-40","page","type-page","status-publish","hentry"],"_links":{"self":[{"href":"https:\/\/doradca-sc.pl\/index.php?rest_route=\/wp\/v2\/pages\/40","targetHints":{"allow":["GET"]}}],"collection":[{"href":"https:\/\/doradca-sc.pl\/index.php?rest_route=\/wp\/v2\/pages"}],"about":[{"href":"https:\/\/doradca-sc.pl\/index.php?rest_route=\/wp\/v2\/types\/page"}],"author":[{"embeddable":true,"href":"https:\/\/doradca-sc.pl\/index.php?rest_route=\/wp\/v2\/users\/1"}],"replies":[{"embeddable":true,"href":"https:\/\/doradca-sc.pl\/index.php?rest_route=%2Fwp%2Fv2%2Fcomments&post=40"}],"version-history":[{"count":1,"href":"https:\/\/doradca-sc.pl\/index.php?rest_route=\/wp\/v2\/pages\/40\/revisions"}],"predecessor-version":[{"id":42,"href":"https:\/\/doradca-sc.pl\/index.php?rest_route=\/wp\/v2\/pages\/40\/revisions\/42"}],"wp:attachment":[{"href":"https:\/\/doradca-sc.pl\/index.php?rest_route=%2Fwp%2Fv2%2Fmedia&parent=40"}],"curies":[{"name":"wp","href":"https:\/\/api.w.org\/{rel}","templated":true}]}}